divided by 693?
293
Calculate the remainder when 433033483 is divided by 247.
246
Calculate the remainder when 73077 is divided by 7.
4
What is the remainder when 565832 is divided by 43521?
59
What is the remainder when 26894414 is divided by 724?
710
What is the remainder when 595218 is divided by 2?
0
What is the remainder when 132100 is divided by 1824?
772
What is the remainder when 7454857 is divided by 49699?
7
Calculate the remainder when 3861 is divided by 2336.
1525
Calculate the remainder when 74731 is divided by 73905.
826
Calculate the remainder when 883510 is divided by 1900.
10
Calculate the remainder when 16090862 is divided by 27.
23
Calculate the remainder when 411348 is divided by 2917.
51
What is the remainder when 42089885 is divided by 454?
453
Calculate the remainder when 14314308 is divided by 3025.
8
What is the remainder when 39545118 is divided by 16484?
2
Calculate the remainder when 6500 is divided by 1623.
8
Calculate the remainder when 111577292 is divided by 61.
57
What is the remainder when 1833499 is divided by 148?
75
What is the remainder when 844513 is divided by 1713?
4
What is the remainder when 1433683 is divided by 3928?
3891
Calculate the remainder when 210108 is divided by 404.
28
Calculate the remainder when 3268485 is divided by 260.
25
What is the remainder when 103046672 is divided by 307?
280
Calculate the remainder when 1515450 is divided by 168380.
30
Calculate the remainder when 15635925 is divided by 44.
41
Calculate the remainder when 20973445 is divided by 2053.
2050
What is the remainder when 13460 is divided by 93?
68
What is the remainder when 158475 is divided by 52796?
87
What is the remainder when 1313340 is divided by 1313335?
5
What is the remainder when 34497 is divided by 3785?
432
Calculate the remainder when 2226921 is divided by 28188.
69
What is the remainder when 6343075 is divided by 1343?
86
What is the remainder when 67828409 is divided by 1673?
1643
What is the remainder when 116740078 is divided by 144?
142
What is the remainder when 3570358 is divided by 15?
13
What is the remainder when 1286469 is divided by 47?
32
Calculate the remainder when 2403212 is divided by 107.
99
Calculate the remainder when 951192 is divided by 12682.
42
Calculate the remainder when 14468564 is divided by 32.
20
What is the remainder when 14677196 is divided by 8847?
23
What is the remainder when 358576 is divided by 88322?
5288
What is the remainder when 103902 is divided by 1277?
465
Calculate the remainder when 49970 is divided by 36.
2
Calculate the remainder when 1019188 is divided by 2275.
2263
What is the remainder when 793685 is divided by 198368?
213
Calculate the remainder when 12625601 is divided by 6312762.
77
Calculate the remainder when 67188284 is divided by 3025.
9
What is the remainder when 19884021 is divided by 463?
23
What is the remainder when 3444680 is divided by 688916?
100
What is the remainder when 6831740 is divided by 7981?
4
What is the remainder when 416737 is divided by 958?
7
Calculate the remainder when 2432383 is divided by 2865.
2863
Calculate the remainder when 4876394 is divided by 2266.
2228
Calculate the remainder when 7146365 is divided by 4363.
4134
What is the remainder when 123770 is divided by 4262?
172
Calculate the remainder when 48769 is divided by 4027.
445
What is the remainder when 768813 is divided by 175?
38
What is the remainder when 4343022 is divided by 95?
2
What is the remainder when 54779 is divided by 2485?
109
What is the remainder when 7754829 is divided by 24?
21
Calculate the remainder when 26527665 is divided by 7.
3
What is the remainder when 579717 is divided by 34097?
68
Calculate the remainder when 1552898 is divided by 79.
74
What is the remainder when 61714 is divided by 8518?
2088
Calculate the remainder when 1199026 is divided by 599175.
676
What is the remainder when 1485701 is divided by 620?
181
Calculate the remainder when 220380 is divided by 184.
132
Calculate the remainder when 25201575 is divided by 14921.
6
Calculate the remainder when 177221 is divided by 2387.
583
Calculate the remainder when 387397 is divided by 4574.
3181
What is the remainder when 140972 is divided by 3828?
3164
Calculate the remainder when 821504 is divided by 410749.
6
Calculate the remainder when 4174452 is divided by 89.
85
Calculate the remainder when 21255701 is divided by 17.
6
Calculate the remainder when 11760882 is divided by 76.
34
Calculate the remainder when 15545433 is divided by 2773.
2768
Calculate the remainder when 22386 is divided by 4653.
3774
Calculate the remainder when 75879 is divided by 18893.
307
What is the remainder when 148744 is divided by 12395?
4
Calculate the remainder when 308553 is divided by 775.
103
Calculate the remainder when 186997 is divided by 319.
63
Calculate the remainder when 4838644 is divided by 794.
8
What is the remainder when 135290115 is divided by 41?
37
What is the remainder when 12098 is divided by 10311?
1787
What is the remainder when 870905 is divided by 79150?
255
What is the remainder when 734741 is divided by 183663?
89
What is the remainder when 8521294 is divided by 2369?
1
Calculate the remainder when 350555281 is divided by 161.
160
What is the remainder when 2129327 is divided by 459?
26
Calculate the remainder when 203242 is divided by 3516.
2830
What is the remainder when 454702 is divided by 227330?
42
Calculate the remainder when 45323547 is divided by 389.
379
Calculate the remainder when 52066 is divided by 2847.
820
Calculate the remainder when 65827721 is divided by 1172.
1169
What is the remainder when 262669 is divided by 18762?
1
Calculate the remainder when 1718876749 is divided by 5030.
5029
Calculate the remainder when 26456 is divided by 4817.
2371
What is the remainder when 9722771 is divided by 55?
36
Calculate the remainder when 86277 is divided by 86228.
49
What is the remainder when 79751 is divided by 681?
74
What is the remainder when 13518053 is divided by 134?
133
Calculate the remainder when 1325846 is divided by 131.
126
Calculate the remainder when 1674231 is divided by 24988.
35
Calculate the remainder when 1586954 is divided by 65.
44
Calculate the remainder when 268044 is divided by 493.
345
What is the remainder when 1283076 is divided by 806?
730
What is the remainder when 21635580 is divided by 95?
90
What is the remainder when 1131024 is divided by 1345?
1224
Calculate the remainder when 72878037 is divided by 13.
11
What is the remainder when 799035 is divided by 231?
6
What is the remainder when 52787 is divided by 26068?
651
What is the remainder when 6751602 is divided by 116401?
344
Calculate the remainder when 143001 is divided by 2695.
166
What is the remainder when 373540778 is divided by 6763?
6762
What is the remainder when 185349 is divided by 5729?
2021
What is the remainder when 23018019 is divided by 2301795?
69
What is the remainder when 435443 is divided by 72?
59
What is the remainder when 886008 is divided by 1234?
1230
Calculate the remainder when 131609 is divided by 10108.
205
What is the remainder when 80681 is divided by 1526?
1329
What is the remainder when 98880559 is divided by 53?
49
Calculate the remainder when 53242 is divided by 163.
104
What is the remainder when 13321 is divided by 32?
9
What is the remainder when 1104601598 is divided by 32?
30
What is the remainder when 11686203 is divided by 505?
503
Calculate the remainder when 112085 is divided by 3995.
225
Calculate the remainder when 6083 is divided by 409.
357
Calculate the remainder when 618095 is divided by 439.
422
Calculate the remainder when 1696513 is divided by 193.
43
What is the remainder when 280644231 is divided by 67?
58
Calculate the remainder when 34563843 is divided by 96547.
17
Calculate the remainder when 1826281 is divided by 1369.
35
Calculate the remainder when 1014837 is divided by 1265.
307
What is the remainder when 765990 is divided by 765984?
6
What is the remainder when 10645 is divided by 1514?
47
Calculate the remainder when 109059 is divided by 1211.
69
What is the remainder when 172413 is divided by 44?
21
What is the remainder when 8216295 is divided by 9263?
14
What is the remainder when 62038 is divided by 1601?
120